 = -2*y - 4*j, y = -j - 0*j + 10. List the prime factors of y.
2, 7
Suppose -j + 3 = -1. Suppose -j*q + 209 = 17. List the prime factors of q.
2, 3
Let c = 67 - 28. List the prime factors of c.
3, 13
Let i(b) = -5*b**2 - 6*b - 3*b**3 + b**3 + 8 + 3*b**3. Let l be i(6). Suppose p - l = -3*k, 4*p - 40 = -p - 2*k. List the prime factors of p.
2
Let m(k) = -2*k**2 - 5*k + 2. Let r be m(-6). Let q = r + 58. List the prime factors of q.
2, 3
Let r be (2*-2 + -1)/(-1). Suppose -3*b + 66 = 3*y, -2*b + 51 - 147 = -5*y. Suppose -y = -4*u - 0, -l - r*u + 27 = 0. What are the prime factors of l?
2
Let j(i) = -i - 2. Let w be j(-5). Suppose -2*g - w*g = -10. Suppose -g*s - 2 = -3*s. What are the prime factors of s?
2
Suppose 2*d - 2 = 3*y + 54, -98 = -3*d + y. List the prime factors of d.
2, 17
Let m(n) = n**3 + 4*n**2 - 5*n + 5. Suppose -4*u = -4*y, 0 = y + 5*u - 7 + 31. What are the prime factors of m(y)?
5
Suppose -3*f = -15, -f - 2*f + 25 = 2*q. Let m = q + -5. List the prime factors of (m + (-2)/4)*-4.
2
Let c be (-1)/(-2) - 15/(-2). Let l be ((-4)/c)/(1/(-2)). Suppose b + 3*o + l = 0, o + 6 = 2*b - 20. List the prime factors of b.
11
Let u(g) = -g**3 - 3*g**2 + 3*g + 6. Let h be u(-4). Suppose -h = -5*l, l + 38 = 2*r + 8. List the prime factors of r.
2
Suppose -w - 9 = 3. Let n be 3 + -3 + -1 + -1. List the prime factors of (-65)/(-6) + n/w.
11
Suppose 0 = -2*s + 3*j - 21, 0*j = -4*j + 20. Let m be s*-2*(-2)/(-6). Suppose 0*q - q = 4*a - 38, 0 = -m*a - 4*q + 26. List the prime factors of a.
3
Let o = 0 + 3. Suppose f = -o*f. Let u(p) = -p**3 - p**2 + 3. What are the prime factors of u(f)?
3
Let o be 686/4 + 7/14. Suppose 13*y = 9*y + o. List the prime factors of y.
43
Let q(f) = f**2 - 7*f + 8. Let u be q(7). Let c be (-182)/u + 4/(-16). Let l = -15 - c. List the prime factors of l.
2
Let m(x) = x**2 + 1. Let f be m(-1). Let s(b) = 15*b - 1. List the prime factors of s(f).
29
Let q(l) = 3*l. Let a be q(3). Let t = 0 - -13. Let k = t - a. List the prime factors of k.
2
Let a = 37 - -12. Let o = -28 + a. List the prime factors of 4/(-8)*(1 - o).
2, 5
Let q be 3 - (-1 - (-3 - -4)). Suppose 4*p + 28 = q*s, 0 = s + 5*p + 5 + 1. List the prime factors of s.
2
Suppose x - 60 = 4*w, 79 = 2*x - 4*w - 33. Suppose 4*y + 16 = l, -x = -5*l + 2*y + 82. Suppose -3*q = q - l. List the prime factors of q.
7
Let k = 100 - 62. What are the prime factors of k?
2, 19
Let b = 0 - -5. Suppose -3 = i - 3*h, b*i + 3*h - 12 - 45 = 0. List the prime factors of i.
3
Let v = 1 - -1. What are the prime factors of (16/12)/(v/15)?
2, 5
Let o(v) = v**3 + 7*v**2 + 4*v + 4. List the prime factors of o(-6).
2
Suppose u - 263 = -b, 5*b - 10*b + 2*u = -1315. List the prime factors of b.
263
Let s be 42/4*4/6. Let n be (2 - 6)/((-8)/20). What are the prime factors of s*(1 + n/14)?
2, 3
Suppose 3*c - 11 = 1. Let u = 14 - c. What are the prime factors of u?
2, 5
Let m(z) = -5*z - 1. Let o be m(-1). Suppose 0*t = 2*t - 2*j + 8, 5*t + 4 = j. Let p = o - t. What are the prime factors of p?
2
Let i be 1 + 2 - (-4)/(-2). Suppose 0 = 4*w + 4, 0 = 4*y + y - 4*w - 54. What are the prime factors of i - (-4)/(8/y)?
2, 3
Suppose 4*r = -g + 93, -g - 61 = -3*r - 0*g. List the prime factors of r.
2, 11
Let c be (2 - (0 - -1)) + 1. Let k(h) = 2*h - 1. Let t be k(c). Let v = 2 + t. What are the prime factors of v?
5
Suppose 3*l + 3*z + 2 + 13 = 0, -2*z = -5*l - 18. Let r be (9/(-6))/(3/l). What are the prime factors of 1/1 + (12 - r)?
11
Let k(g) = -g + 1. Let u be k(0). Let m(r) = 53*r**2 + 3*r - 2. List the prime factors of m(u).
2, 3
Suppose 3 - 48 = -3*m. List the prime factors of m.
3, 5
Let q = 18 - 18. Suppose q = 2*j - 2 - 26. What are the prime factors of j?
2, 7
Let x be ((-4)/(-10))/((-2)/(-5)). Let b be x*-15*-1 - -1. Suppose 2*f - 4*r - 2 = 0, 2*f - f + 3*r = b. What are the prime factors of f?
7
Suppose 5*s + 5 = 5*i + 25, 0 = s + 3. Let t = 9 + i. List the prime factors of t.
2
Let w be (-2)/(-11) + (-9)/(-11). Let b(o) = 14*o + 1. List the prime factors of b(w).
3, 5
Let n be (10/4 + -2)*-50. List the prime factors of 10/n - (-77)/5.
3, 5
What are the prime factors of ((-5128)/(-20))/1 + (-15)/(-25)?
257
Let s be 1/(-2) - (-324)/8. Suppose 0*r = 4*r + s. Let g = 17 + r. What are the prime factors of g?
7
What are the prime factors of 71 + (-6 - (-2)/1)?
67
Suppose 2*d = 3*h - 467, 4*h = 5*h - 4*d - 139. Suppose h = -k + 4*k. List the prime factors of k.
53
Let y be 3 + -6 + 3 + -1. What are the prime factors of 27 + -1 + 1/y?
5
Let p(b) = 4*b**2 + 1. What are the prime factors of p(-1)?
5
Let o = -3 - -11. Let c = -2 + o. List the prime factors of c.
2, 3
Let w = -2 - 0. Let z(q) = q**3 + q - 7. Let f be z(0). Let b = w - f. List the prime factors of b.
5
Let g(z) = -5*z - 13. Let m be g(-4). Let u = 17 - m. List the prime factors of u.
2, 5
Let y = -27 + 42. List the prime factors of 4/(-5) - (-402)/y.
2, 13
Suppose -14*i - 1344 = -3374. What are the prime factors of i?
5, 29
Let k be (0 - -1) + (-1 - -2). Suppose k*i = -i. Suppose -2*r + g + 16 = 3*g, i = -3*r + 2*g + 24. What are the prime factors of r?
2
Let k = 49 + -24. List the prime factors of k.
5
Let a be (-418)/12 + 6/(-36). List the prime factors of 2/((-20)/6)*a.
3, 7
Suppose -4*m = -2*q - q - 7, 2*q = -2*m. Let h = 14 + m. What are the prime factors of h?
3, 5
Let w(a) = -a**3 + a**2 + 4*a - 4. Let u be w(3). Let k be (4/u)/(5/(-25)). What are the prime factors of ((-20)/(-25))/(k/30)?
2, 3
Suppose -4*z - 3*z = 49. What are the prime factors of 20 - (z + (3 - -1))?
23
Let k = 9 + -6. Suppose 113 = 3*m + k*n - n, -2 = -2*n. List the prime factors of m.
37
Suppose -2*x = -2*t + 16, 4*x + x = -4*t + 5. Suppose 69 = 5*y - d - 18, t*y + d - 93 = 0. What are the prime factors of y?
2, 3
Let x be 948/18 - (-4)/(-6). Suppose y - x = -3*y. What are the prime factors of y?
13
Let v(f) = -21*f + 103. What are the prime factors of v(-9)?
2, 73
Suppose 29 = 4*g - 107. List the prime factors of g.
2, 17
Suppose 2*v - 126 = -48. List the prime factors of v.
3, 13
Let n(a) = a**2 + 5*a - 8. Let t be n(-7). Let k = t - -10. List the prime factors of k.
2
Suppose -19 - 26 = 3*a. Let n = -5 - a. What are the prime factors of n?
2, 5
Let x(m) be the second derivative of m**3/6 + 11*m**2/2 - m. List the prime factors of x(-9).
2
Let t = 13 + -19. Let o = 10 + t. List the prime factors of o.
2
Let l(j) = 20*j**2 + 4*j - 5. What are the prime factors of l(2)?
83
Suppose 0 = 5*z - 2*z - 12. Suppose -3*u + 2*k - 66 = -5*u, z*k = 2*u - 84. Suppose 2*d + 5*r = -1, u + 20 = 3*d - 4*r. List the prime factors of d.
2, 3
Let c(d) = 0 + 12*d + 3*d**2 + 5 - 4*d**2. Let s be c(12). Suppose 2*n + s*i - 5 = 0, -4*n = n + i - 24. What are the prime factors of n?
5
Suppose -5*j - 330 - 210 = -5*d, -2*j + 414 = 4*d. Suppose -g = -6*g + d. Let m = g - 8. List the prime factors of m.
13
Suppose -3*d + 129 = -0*d. List the prime factors of d.
43
Suppose 0 = 3*h + 3*m + 24, 0*m = 2*m + 8. Let g = h - -7. Suppose -2*l - 2*f = -f - g, 4*l - 11 = -f. List the prime factors of l.
2
Let r be (-1 - 10/(-4))*6. Let t = 23 - r. List the prime factors of t.
2, 7
Let c(r) = r**2 + 0*r**2 + 4 + 7*r + 3*r. Let i(l) = l - 30. Let f be i(20). What are the prime factors of c(f)?
2
Suppose -3*z = 2*d + 8 + 2, 0 = 4*d + 20. Suppose -4*c + z*c = -12. What are the prime factors of c?
3
Suppose -7*c + 20 = -2*c. Suppose n = 4*j + 5*n + 4, 0 = -4*j + 5*n + 23. List the prime factors of 10/(c*j/12).
3, 5
What are the prime factors of (-4 - -7) + (0 - -73)?
2, 19
Let g(z) be the second derivative of -z**5/10 - z**4/6 - z. Let d be 5/(-2) - (-2)/4. What are the prime factors of g(d)?
2
Suppose -13*f + 16*f = 213. What are the prime factors of f?
71
Let b be ((-12)/8)/(2/4). Suppose -4*q - 33 = -3*j, 4*q + j = -6 - 15. Let l = b - q. List the prime factors of l.
3
Suppose 17 = -q + 161. What are the prime factors of q?
2, 3
Let v(h) = h**2 - 5*h - 8. Let b be v(8). Let u be (b/6 + -3)*-78. What are the prime factors of (-6)/39 - (-238)/u?
3
Let d(q) = q**3 - 11*q**2 + 10*q. Let u be d(10). Suppose u = -w - w + 2, w + 26 = 3*r. List the prime factors of r.
3
Let p = -11 - -15. Suppose 4*n + p = -0*n. List the prime factors of n + 0 - (-2 - 8).
3
Suppose -5*r - 5*k = -350, 0 = -4*r + 3*k - 